What is n(b)?
1
Let y(r) = r**3 - 6*r**2 + 168*r + 21. Let w(k) = 2*k**3 - 12*k**2 + 377*k + 42. Let u(z) = 4*w(z) - 9*y(z). Give u(4).
-5
Let v be (360/63)/(1*(-2)/(-7)). Suppose -v*w + 14*w = 6. Let n(o) = o - 1. Give n(w).
-2
Let z(h) be the second derivative of -h**5/20 - 19*h**4/12 + 19*h**3/6 - 11*h**2/2 - 2193*h. Calculate z(-20).
9
Let j(k) = -87 - 119 - 124 + 2*k + 340. Determine j(13).
36
Let q = 72 + -63. Let w(f) = 8482*f + f**2 - 3 + 0*f**2 - 8490*f. What is w(q)?
6
Let n(u) = 7 + 2*u**2 - 3*u**2 + 10*u - 3*u**2 + 5*u**2. Suppose o + 3*z = 10, -10*z = 4*o - 14*z + 40. Determine n(o).
-18
Let g(b) = b**3 + 4*b**2 + 2*b - 2. Let c be g(-2). Let k(i) = 37*i**2 - i - 56*i**2 - 3*i + 20*i**2 + 4. What is k(c)?
0
Let i(b) be the first derivative of -5*b**2/2 + 5*b + 94. Let n be (-2)/(-4)*6*30/18. Determine i(n).
-20
Let p(a) = -11*a + 2*a**3 - 20*a + 33*a**2 - 7175 + 7198 - 2*a - a**3. Calculate p(-34).
-11
Let i(c) = 8*c + 5*c**2 + c**3 - 1 - 3 + 2*c**2. Suppose 148*f - 35767 = -36359. Calculate i(f).
12
Let k(t) = 13*t**3 - 2*t**2 + 11*t + 2. Let j(v) = 6*v**3 - v**2 + 5*v + 1. Let a(b) = -9*j(b) + 4*k(b). Suppose 113*w + 273*w + 466 - 80 = 0. Calculate a(w).
3
Let g(m) be the first derivative of m**4/4 + 7*m**3/3 + 2*m**2 + 8*m + 39. Let q(j) = j**2 + 17*j + 46. Let y be q(-13). Determine g(y).
20
Let j(k) = -6*k + 63. Let m(s) = 5*s - 88. Let f(y) = 3*j(y) + 2*m(y). What is f(5)?
-27
Let r(p) be the first derivative of p**3/3 + 4*p**2 + 9*p + 6. Suppose 2*l = -3*i - 32, -15 = 3*i + l + 10. Give r(i).
-3
Let l(n) = -36*n - 276. Let q(f) = -18*f - 138. Let b(d) = 3*l(d) - 5*q(d). Give b(-8).
6
Let j(x) = 368*x**3 + 0 - 12*x - 13 + 368*x**3 - 9*x**2 - 737*x**3. What is j(-8)?
19
Let g(d) be the second derivative of d**5/20 + d**3/6 + 14*d**2 - 6*d + 14. What is g(0)?
28
Suppose 24*h = -5*z + 27*h + 83, 4*z - 60 = 4*h. Let i(w) = 3*w - 63. Determine i(z).
-6
Suppose -19*c - 501 = 6*c + 49. Let s(d) = -2*d**2 - 44*d + 37. What is s(c)?
37
Let j(r) = 0*r - 37 + 3*r + 8*r + r - 6. Determine j(10).
77
Let g(r) = -r**2 + 3 - 12*r - 8 - 8. Suppose 81*t - 183692 = -184664. Give g(t).
-13
Let o(d) be the third derivative of d**5/12 - d**4/8 - 148*d**3/3 - 199*d**2. Let a(s) be the first derivative of o(s). Determine a(3).
27
Let z(p) = 4*p + 11. Let f(b) = -11*b - 32. Let v(g) = 3*f(g) + 8*z(g). What is v(-16)?
8
Let o(q) = -q**2 - 8*q + 10. Let g = -100 - -100. Suppose -2*k + 36 - 6 = g. Let t be (-6)/(-3 + 55/k). Give o(t).
1
Let v(r) = 8*r - 44. Let f(j) = j - 4. Let z(k) = -24*f(k) + 2*v(k). What is z(2)?
-8
Let u(t) = -t + 3. Let v(h) = h**2 - h. Let m be v(-2). Let g(i) = -15 - 4*i + m*i + 30. Let o be g(-5). Calculate u(o).
-2
Let r(q) = 8*q - 27. Let l be r(3). Let s(b) = 2*b + 8. Let w be s(l). Let m(x) = 3*x + 1. What is m(w)?
7
Let f(k) = -11 - 15*k + 42*k + 25 - 8 - 16*k. Give f(-1).
-5
Let t(v) = 19*v + 13. Suppose 200*o - 202*o - 17 = 5*h, 0 = 5*h - o + 29. Determine t(h).
-82
Suppose k + 56 = 5*k. Suppose k*w - 169 = w. Let x(g) = g**2 - 9*g - g + 5 - 10*g + w*g. What is x(7)?
5
Let w(r) = -9*r**3 + 2*r**2 - r. Let k(i) = 34*i + 310. Let x be k(-14). Let t = -165 - x. Give w(t).
-8
Let q(y) = y**3 + 14*y**2 - 16*y - 8. Let w be q(-15). Let g(d) = d**3 - d**2 + d - 2. Let o(h) = 3*h**2 - h. Let j(x) = -g(x) + 2*o(x). Determine j(w).
-19
Let x(f) = 4*f + 63. Let v(c) = c**3 - 7*c**2 + 6*c - 127. Let u be v(8). Calculate x(u).
3
Let g(f) = -8*f + 51. Let u(s) = 32*s + 1195. Let i be u(-37). Give g(i).
-37
Let n(l) be the first derivative of -19*l**2 + 286*l + 8502. Give n(7).
20
Let s be (-1 + 5)*(315/20)/9. Let l(w) = -5*w - 1. Let f(n) = -9*n - 4. Let u(y) = s*l(y) - 4*f(y). What is u(0)?
9
Let y(w) = 6*w**2 - 8*w**3 - 231*w**3 - 7 + 240*w**3. Calculate y(-4).
25
Let o(j) = 3*j**2 + 15*j - 67. Let t(k) = -2*k**2 - 10*k + 45. Let v(u) = 5*o(u) + 7*t(u). Give v(5).
30
Let p(d) be the third derivative of 7*d**4/12 - 3*d**3/2 - d**2 - d - 313. Calculate p(0).
-9
Let l(k) = k + 93. Let o be l(-92). Let j(g) = 17*g - 7. What is j(o)?
10
Let g = 4 + -11. Let b = -631 + 634. Let c(i) = 2*i - i**b - 18 + 9 + 7 + 3 - 7*i**2. What is c(g)?
-13
Let k(b) be the second derivative of -16*b**3/3 + 67*b**2/2 - 1058*b. Give k(2).
3
Let s = 156 - 154. Let d(i) = 9*i**2 + i + s*i**3 + 11*i**3 - 16*i**3 - 7*i**2. Determine d(-2).
30
Let l(f) be the first derivative of f**2/2 - 2*f + 1. Let s be (-29)/(-2) + ((-35)/14 - -2). Let w(z) = z**3 - 14*z**2 + z - 20. Let n be w(s). Give l(n).
-8
Let z(c) = 214 - 420 + 207 + 25*c**2. Suppose 5*i - 2 = -3*b, -i + 7*b = 3*b - 5. Calculate z(i).
26
Suppose -1388*l - 24 = -1390*l. Let q(g) = -g + 12. What is q(l)?
0
Let p(j) = 3*j - 5*j + 3*j**2 + 6 + 59*j**3 + 43*j**3 - 1 - 104*j**3. Determine p(3).
-28
Let m(d) = 3*d**2 + d - 1. Let z(w) = 6*w**3 - w**2 - 24*w - 8. Let s(g) = -7*g**3 + g**2 + 25*g + 8. Let t(q) = 5*s(q) + 6*z(q). Let a be t(5). Determine m(a).
23
Let d = 203 + -200. Let h(j) = 13 - 14 + 2*j**2 + 5 - j + j**d. Suppose 0 = -f - 1 - 2. What is h(f)?
-2
Let z(k) = -6*k + 3. Let c(b) = 6*b - 3. Let p(q) = 5*c(q) + 6*z(q). Let n(d) = 7*d - 3. Let s(j) = 2*n(j) + 3*p(j). Suppose 0 = 7*x - 9*x + 4. Give s(x).
-5
Let g(i) = i**3 - 6*i**2 + 8*i + 4. Suppose 26*j = j - 7700. Let m = j + 312. Calculate g(m).
4
Let h(q) = 4 + 4 - 10*q - 3 + 5*q + 3*q. Suppose 5*m = 77 + 28. Suppose -k = -4*u - 0*k + m, 17 = 3*u - k. Give h(u).
-3
Let t be ((-5)/(-20)*18)/(3/(-4)). Let d(r) = -r**2 - 6*r + 15. Let p(n) = -n + 3. Let v(j) = d(j) - 5*p(j). Calculate v(t).
-30
Let k be 3 - 76/28 - (-620)/35. Suppose 22 - k = p. Let t(c) = -2*c + 6. What is t(p)?
-2
Let o(h) = -2*h**2 - h - 1. Let k(d) = d**3 - 7*d**2 + 2*d - 12. Let w be k(7). Let r be 25/w*8/5. Suppose -16*y + r*y = 8. Determine o(y).
-11
Let b(h) = 12*h + 32. Suppose 231 = -32*u - 9*u - 56. What is b(u)?
-52
Let u(o) = 11*o + 19. Let n(k) = -8*k - 14. Let p(l) = 4*n(l) + 3*u(l). What is p(-1)?
0
Suppose 0 = 2*i + c + 12, 3*i = i - 5*c + 4. Let r(k) = -59*k**2 + 78*k + 3. Let h(v) = 13*v**2 - 18*v - 1. Let m(s) = -9*h(s) - 2*r(s). Determine m(i).
19
Let k(g) = g**3 + 1. Let r(v) = -4*v**2 - 4*v**3 - 2*v**3 + 646*v - 646*v. Let b(a) = -5*k(a) - r(a). Give b(-5).
-30
Suppose -7*z + 5 = -16. Let u(f) = 6*f**2 + f**3 + 0*f**z + 2*f - 9*f**2. What is u(3)?
6
Let f(m) = m**2 + 8*m - 5. Let k(q) = q**2 + 10*q - 16. Let a be k(8). Let c = 121 - a. Determine f(c).
-12
Suppose 10*u + 6 = 30*u - 14. Let i(l) = -36*l + 21. What is i(u)?
-15
Let h = 62 + -24. Let z(v) = 14 + 80*v - v**2 - 52*v - h*v. Determine z(-11).
3
Let m(w) = -w**3 - 3*w**2 + w + 7. Suppose 2*x + 29 = -k, 3*x - 2*k + 51 = -6*k. Let f(q) = 2*q**3 + 6*q**2 - q - 14. Let n(r) = x*m(r) - 6*f(r). What is n(-5)?
-22
Suppose -53*d - 32*d = -29*d + 392. Let s(u) be the second derivative of u**4/12 + 7*u**3/6 - 7*u**2/2 - u. What is s(d)?
-7
Let t(p) be the second derivative of -5*p**3/6 + 25*p**2/2 + 204*p. Calculate t(7).
-10
Suppose q + 3*l + 15 = -2*l, q - 5*l = -5. Let b(v) = 8*v - 7 - 35*v**2 + 12*v**2 + 14*v**2 + 10*v**2 + v. Give b(q).
3
Suppose -o - 4*d = -5*o, -o - 5*d + 18 = 0. Suppose 0 = -2*g + 9 - o. Suppose g*j - 2 = -5. Let t(z) = z**3 + z + 1. Give t(j).
-1
Let o(w) = -6*w**3 + 25*w**2 + 2*w - 26. Suppose 54*b - 124 = -76*b + 396. Give o(b).
-2
Let j(s) = -s + 0*s**2 + 14 - 16*s**2 - 14. Let v be ((-1)/(-2))/(182/(-364)). What is j(v)?
-15
Let k(i) = -2*i**3 - i**2 - 13*i - 22. Let s(f) = f**3 - f**2 + 14*f + 20. Let v(p) = 2*k(p) + 3*s(p). Calculate v(-7).
2
Let h(g) = -g**2 + 3 - 2*g**2 - 3*g + 26*g**3 - 9*g**3 - 16*g**3. Let d(l) = 659*l - 7245. Let o be d(11). Calculate h(o).
7
Let g(a) = -a + 8. Suppose -128 = 121*d - 129*d. Suppose d*x - 17*x + 15 = 0. What is g(x)?
-7
Suppose 5*h + 75 = -y, -h - h - y - 30 = 0. Let c = -14 - h. Let k(f) be the second derivative of 5*f**4/12 + f**3/6 - f**2/2 - 10*f. Give k(c).
5
Let v = -3628 - -3635. Let w(p) = -p**2 + p + 4. Determine w(v).
-38
Let v(j) = 25*j**3 + 3*j**2 - 5*j - 8. Let u be v(-1). Let g(q) = -q**2 - 40*q - 376. What is g(u)?
-1
Let a(v) = -2*v**3 + 3*v**2 + 2*v + 15. Let i(h) = 2*h**2 + 146*h + 2304. Let k be i(-23). What is a(k)?
-57
Let a = 2 - -3. Suppose a*q - 2*q = -5*q. Let x(b) be the first derivative of b**3/3 + b**2/2 +